ctor of 9 and a?
9
Let j(y) = y**2 - 7*y - 8. Let b be j(12). Calculate the highest common factor of 52 and b.
52
Let y(n) = -n**3 + 8*n**2 + 10*n + 4. Let f be (-6)/30 + 82/10. Let a be y(f). Suppose 6*w - a = 4*w. Calculate the highest common factor of 14 and w.
14
Let h(a) = 4*a**3 - 2*a**2 + a - 13. Let c be h(3). Let x(k) = -4*k. Let p be x(-2). Calculate the highest common factor of c and p.
8
Let w be (-10)/(-4) + (-3)/6. Suppose -5 = -b - 3, -11 = -3*g + w*b. Calculate the highest common divisor of 1 and g.
1
Suppose 0 = -6*g + g + 720. Let b = g + -45. Let c = 12 - 3. What is the greatest common divisor of c and b?
9
Suppose d + 9 = 24. Suppose d = -3*j - n + 4*n, -2*j - 2 = 2*n. Let w = 67 - j. What is the highest common factor of 28 and w?
14
Let x be 5/(-1) + -26 + 119. Calculate the highest common factor of x and 4.
4
Suppose 0 = -0*v - 5*v + 520. What is the greatest common factor of v and 13?
13
Let d be (-10)/4 - (-2)/4. Let c be 57*((-10)/6 - d). Suppose 162 = 5*h + 5*m - 703, 521 = 3*h + 4*m. Calculate the highest common divisor of c and h.
19
Let r(o) = -o**3 + 2*o**2 - o. Let h be r(1). Suppose 2*y - 6*y = -4*z + 56, 5*y + 15 = h. Calculate the highest common divisor of z and 99.
11
Let t(j) = -6*j - 4. Let k be t(-6). Calculate the greatest common divisor of k and 4.
4
Let f = 4 - 27. Let o be -1 - (2/1 + f). Calculate the highest common divisor of 220 and o.
20
Suppose -2*p - 2 = -k - 1, k = -p + 7. Suppose 80 = -p*b + 7*b. Calculate the greatest common divisor of 16 and b.
16
Suppose 4*x - 6*x - 144 = 0. Let v be ((-57)/9)/(4/x). Calculate the greatest common factor of v and 19.
19
Let g(z) = z**3 + 9*z**2 - z - 11. Let q be g(-9). Let x = 2 - q. Let o(v) = 7*v - 4. Let f be o(x). What is the greatest common factor of 8 and f?
8
Let k(s) = -s**3 - 9*s**2 - 8*s + 3. Let u be k(-8). Let y = -2 - -7. Suppose -y*v + 27 = -108. What is the greatest common divisor of u and v?
3
Let r = -37 - -50. What is the greatest common factor of 26 and r?
13
Suppose -5*s = 5*j - 35, -12 = -0*j - 3*j. Let m = s - 0. What is the greatest common factor of 3 and m?
3
Suppose -38 = -3*y + 2*i, 4*i + 41 = 3*y - i. What is the highest common factor of 24 and y?
12
Suppose 3*r + 2*b = -248, -r + 35 = 5*b + 135. Let w = r - -135. What is the greatest common divisor of w and 11?
11
Let s = -95 - -130. What is the greatest common factor of s and 7?
7
Suppose 0 = 2*k - 4*c - 164, -3*c + 97 = k - 0*k. Calculate the greatest common factor of k and 22.
22
Let n be (2/(-4))/(1/(-6)). Let a be 0*n/6 + 3. What is the greatest common factor of 21 and a?
3
Let w(z) = -2*z**3 - 22*z**2 - 6*z + 8. Let b be w(-11). What is the greatest common divisor of 111 and b?
37
Let z = 3 + 1. Suppose -z*k + 32 = -2*k. Suppose -k = -0*f - f. What is the greatest common factor of f and 8?
8
Let i be 3*-4*(-2 + (-18)/(-12)). What is the greatest common divisor of 15 and i?
3
Let g(w) = w**2 + 2*w + 1. Let a be g(3). Let f be 1*-2*a/(-4). Suppose 2*n + 0*n - 8 = 0. What is the greatest common factor of n and f?
4
Let n(w) be the first derivative of w**4/2 - w**3/3 + w**2 + w - 1. Let d be n(4). What is the greatest common divisor of d and 11?
11
Suppose 0 = h - 3*h + 252. Let c(w) = -5 - w + 3 + 5*w. Let d be c(4). Calculate the greatest common factor of d and h.
14
Suppose b - 3*d - 25 = -2, 2*b - 2*d = 30. Let l be -1 - 2793/(-28) - 2/(-8). What is the greatest common divisor of b and l?
11
Suppose -24 = -2*j + 34. Let s = j + -18. Calculate the highest common divisor of 1 and s.
1
Suppose -4*q + g = -16 + 42, 12 = -3*q - 3*g. Let m be (-31)/(-11) - q/33. Calculate the highest common divisor of 33 and m.
3
Let l be 23 + -6*4/6. Suppose -4*z = -l - 101. Calculate the highest common factor of z and 75.
15
Let v = 64 - -17. Calculate the greatest common divisor of v and 27.
27
Let g = 27 + -24. Suppose 8*d - g*d - 160 = 0. What is the greatest common factor of 8 and d?
8
Let a be 3/(3/16) - 2. Suppose 4*u - w = 97, 2*u = -5*w + 71 - 6. Let j = 10 + u. What is the greatest common divisor of j and a?
7
Let b(h) = -h**3 + 16*h**2 + 19*h + 11. Let m be b(17). Calculate the greatest common divisor of 5 and m.
5
Suppose 2*n = -2*v + 3*v + 14, -n + 14 = -4*v. Let a be (-4 + 55)*2/n. Let u = -61 - -78. Calculate the highest common factor of a and u.
17
Suppose 0 = -3*p + 26 + 19. Calculate the greatest common divisor of 15 and p.
15
Let q = 142 - 80. Calculate the greatest common divisor of q and 31.
31
Let q be 2/(-4) - 3/(-6). Let l(i) = i + 1. Let v be l(-1). Suppose v*n - 4*n + 280 = q. What is the highest common divisor of n and 10?
10
Let w(o) = 19 + o - 18 + 0*o. Let l be w(6). Calculate the greatest common divisor of 1 and l.
1
Suppose 4*d - m = 2*d + 9, 0 = -3*m + 3. Suppose -d*g - 3*u = -0*u - 95, 2*g - u = 38. Let b = g + -12. Calculate the greatest common factor of 7 and b.
7
Suppose 11*s - 501 - 38 = 0. What is the greatest common factor of s and 7?
7
Suppose -7*w + 5*w = 4*y - 18, -y = 2*w - 9. What is the greatest common divisor of w and 57?
3
Suppose 0 = 2*d + 8, -m + 5*d + 4 + 18 = 0. Let q(a) = 6*a - 5*a - 6 + m*a**2 + 7*a + 3. Let o be q(-10). What is the highest common divisor of 13 and o?
13
Suppose 6*j - 2*q - 16 = 2*j, -4*j + q + 16 = 0. Suppose 3*k = -2*w + 188, -4*w - 3 = 5. Suppose k = 2*u + 2*u. Calculate the highest common divisor of u and j.
4
Let a be (142/3)/(18/(-135)). Let y = -250 - a. What is the highest common divisor of 15 and y?
15
Suppose -2*o = -11 + 1. Calculate the highest common factor of 10 and o.
5
Suppose 132 = 9*n - 1452. Suppose o = 3*c - 7 - 55, 5*c - 104 = 2*o. Let y be ((-12)/5)/((-3)/c). What is the greatest common factor of n and y?
16
Suppose 5*t + 85 = 4*a, 0*t + 32 = -4*t - 4*a. Let c = 5 + t. Let s = -1 - c. Calculate the highest common factor of 42 and s.
7
Suppose 3*k = 2*h - 3*h, -h = 5*k - 6. Let a = 74 + h. Calculate the highest common divisor of a and 13.
13
Suppose 0 = -51*r + 45*r + 210. What is the greatest common divisor of 7 and r?
7
Suppose -3*y - 4 = -4*y - 5*o, 0 = 2*y + o - 8. Suppose 10*x - 12*x = -y. Let c = 4 - 3. What is the greatest common factor of c and x?
1
Let s = -9 - -8. Let k be -1 + (-1)/(s/13). What is the highest common factor of 108 and k?
12
Let s(c) = c - 4. Let g be s(4). Suppose g = -5*b + 3*l - 89, 3*b + 20 + 19 = -3*l. Let i = 2 - b. What is the greatest common divisor of 27 and i?
9
Suppose 29 - 9 = 4*h. Let f(x) = -x**3 + 7*x**2 - 6*x - 6. Let c be f(h). What is the highest common factor of c and 21?
7
Let r be (48/(-60))/((-2)/20). Calculate the highest common factor of r and 20.
4
Let a be ((0/(-1))/1)/1. Suppose 2*r - 6 = 2. Suppose 3*f = 2*f + 2*o + 56, -r*f + o + 238 = a. Calculate the greatest common factor of 12 and f.
12
Suppose 0 = 2*a - 2 - 0. Suppose d = -v + 15, -4*v - 42 = -2*d - 9*v. Suppose r - 2*r = -d. What is the highest common divisor of r and a?
1
Suppose 0 = -0*i + 4*i + c - 956, -5*i = 5*c - 1180. What is the highest common factor of 30 and i?
30
Let x(u) be the second derivative of u**4/12 + 2*u**3/3 + u**2 - 7*u. Let p be x(-7). Calculate the greatest common factor of p and 253.
23
Let a(z) = z. Let w(s) = 3*s**2 - 5*s. Let h(g) = 6*a(g) + w(g). Let p be h(-1). Calculate the highest common divisor of p and 2.
2
Let o be (-8)/20 - 4284/(-10). Suppose 5*q = -3*a + o, 3*q + q + 2*a = 344. What is the greatest common divisor of q and 22?
22
Suppose f = 2*f + 5*w - 29, 4*f - 3*w - 1 = 0. Let u be 4/18 + 52/9. What is the greatest common factor of u and f?
2
Let g(x) = -x**3 + x**2 + 5*x + 9. Let r be g(-3). Calculate the greatest common factor of r and 150.
30
Let g be (-128)/6 - 4/6. Let q be (-2)/(-4)*g*-5. Calculate the highest common divisor of q and 11.
11
Suppose -7*r = -20 - 43. What is the highest common factor of r and 81?
9
Let w be (1/(-1))/(927/(-459) + 2). Calculate the highest common divisor of 17 and w.
17
Let y be (-2)/(-2) - (1 - 1). Suppose 0 = -4*c + 3*g - 36 - 12, 64 = -4*c - g. Let s = c - -22. What is the highest common divisor of s and y?
1
Let j be ((-42)/(-2))/(66/1232). What is the highest common factor of 49 and j?
49
Suppose 4*o + 0 = -5*p + 41, -59 = -4*o + p. Let j = -12 - -17. Suppose 98 = w + j*d, -w + 5*d = -74 - 24. What is the highe